t are the prime factors of z(17)?
2, 3, 5
Let s = 14098 + -2516. What are the prime factors of s?
2, 5791
Suppose r = -4*h + 564, -3*r - 2351 = -7*r + 3*h. Suppose -4*c + r = -448. Suppose c = 5*w - 2. List the prime factors of w.
2, 13
Suppose 3*u - 30 = -18. Let i = u + -1. Suppose 3*g + 375 = 2*v, -2*v + g + 390 = i*g. What are the prime factors of v?
2, 3
Let b = -772 - -776. Suppose -n + 0*j - 4*j = -1529, 0 = -5*n - b*j + 7661. List the prime factors of n.
3, 7, 73
Let i(w) = -231*w + 2. Let x be (2/((-6)/3))/(5/(-10)). Let y be i(x). List the prime factors of -1 + (-25)/(-15) + y/(-3).
2, 7, 11
Let s = -273 + 280. What are the prime factors of (-3)/s + (-15)/(-35)*1667?
2, 3, 7, 17
Suppose -4*n + r - 6020 + 28790 = 0, 3*n = -4*r + 17087. List the prime factors of n.
5693
Let n(w) = 3*w**3 + 3*w**2 + 7*w + 60. What are the prime factors of n(20)?
2, 5, 127
Let f = 833 - 1369. Let q be ((-258)/4)/(4 - f/(-128)). Suppose -16*d = -12*d - q. What are the prime factors of d?
2, 43
Let v = -2473 + 1428. List the prime factors of v/1*(-15)/25.
3, 11, 19
Let t = -28803 - -40415. List the prime factors of t.
2, 2903
List the prime factors of 62/((-32)/1192*(-6)/24*1).
2, 31, 149
Let h = -4046 + 6901. What are the prime factors of h?
5, 571
Let l be (-24)/(-18) - ((-177)/9 + -2). Suppose -9906 = -l*y + 421. What are the prime factors of y?
449
Suppose 3 + 1 = 2*i. Suppose 4*o - 3*l = -23, -i*o - 44 = 2*o + 4*l. List the prime factors of o/(32/(-228)) - 1.
2, 7
Let k = 1084 + 2052. Suppose 11*a = 3*a + k. Suppose -p + 5*p = a. List the prime factors of p.
2, 7
Let t(v) = -129*v - 109 + 23*v**2 - v**3 + 406*v - 125*v - 129*v. List the prime factors of t(23).
2, 3, 5, 7
Suppose -205*u + 69152 = -189*u. List the prime factors of u.
2, 2161
Suppose 0 = 5*k + a + 2, 4*k + a + 3*a + 8 = 0. Suppose -2*v = -4*i + 937 + 1655, -4*i - 3*v + 2612 = k. Suppose i = 5*d - 50. List the prime factors of d.
2, 5, 7
Let q(w) = 4*w + 3. Let d be q(-3). Let a be (3 - 23)*(d/12)/3. Suppose 4*y - 533 = -a*h, -5*y - 3*h + 660 = 2*h. List the prime factors of y.
127
Let s = 25 + -89. Let w = s + 82. List the prime factors of 19239/297 + ((-14)/w - -1).
5, 13
Let o = 17192 + -9860. What are the prime factors of o?
2, 3, 13, 47
Suppose 5*l - 232 = 3*v, l - 137 = -2*l + 4*v. Let c(p) = -p**3 - 16*p**2 - 10*p + 50. Let w be c(-15). Let z = l + w. What are the prime factors of z?
2, 11
Let s be (-1)/(-4) - (-1)/((-24)/(-82074)). Suppose -5*l - 3*j + s = 0, -6*l + 2*j = -5*l - 684. List the prime factors of l.
2, 3, 19
Suppose -185*s = -189*s - 8. List the prime factors of 3*s/18 - 1058/(-6).
2, 11
Let s = -1865 - -4857. What are the prime factors of s?
2, 11, 17
Suppose 4*y - 44032 = -2*k, 2*y + 2*y - 132080 = -6*k. List the prime factors of k.
2, 5503
Suppose -1029901 = -121*y + 2908721 + 1593498. List the prime factors of y.
2, 3, 5, 127
Suppose -6537 = -7*o + 2871. Suppose o = 4*n + t + 4*t, 2*n - 5*t = 672. What are the prime factors of n?
2, 3, 7
Let h = 19367 + -17657. List the prime factors of h.
2, 3, 5, 19
Let g be (2040/(-18))/5 + (-2)/6. Let v(p) = -p**3 - 25*p**2 - 48*p + 14. List the prime factors of v(g).
2, 3, 5
Let a(g) = -g + 6. Let u be a(4). Let k(d) = 185*d - 41. List the prime factors of k(u).
7, 47
Let x(y) = -1420*y - 2712. What are the prime factors of x(-65)?
2, 22397
Let n be -4 - 1 - (-1 + (-6 - -1473)). Let m = 2795 + n. What are the prime factors of m?
2, 331
Let s(n) = -4 + 5 + 14*n - 10. Let c be s(-3). Let z = 148 + c. What are the prime factors of z?
97
Let t = -29 - -33. Let a be (-1)/t - (-60)/(-16). List the prime factors of (-2*(-1)/a)/((-1)/194).
97
Suppose -2*g = -2*h + g - 2, -g + 29 = 5*h. Let i be 9/h*90/27. What are the prime factors of ((-8)/i)/((-14)/189)?
2, 3
Suppose 0 = -5*b - 4*r + 2 + 61, -5*r - 1 = -b. Suppose 15*l + b*l = 10036. List the prime factors of l.
2, 193
Suppose 0 = -62*v - 8*v + 1522152 + 1729978. List the prime factors of v.
7, 6637
Suppose 0 = -29*v + 66 + 21. Suppose 492 = v*z + 3*g, -549 = -5*z + 4*g + 307. List the prime factors of z.
2, 3, 7
Let i be -1*(-3 - -4) - (-70)/2. Suppose -9*z = -i + 7. Suppose -z*m = -5*g - 125 - 59, g = 4*m - 268. List the prime factors of m.
2, 17
Let j be -2*(-7 - 434/(-4)). Let a = j + 601. What are the prime factors of a?
2, 199
Suppose 421 = 2*t + 257. Let w = t - -87. What are the prime factors of w?
13
Let a be (6/(-4))/(8/(-48)). Suppose a*f + 4067 = 16*f. What are the prime factors of f?
7, 83
Let b be (-1934)/10 - (-3)/(-5). Let n = -353 - b. Let k = -83 - n. List the prime factors of k.
2, 19
Let y(m) = 4*m**3 - 2*m**2 + 3*m. Let o(s) = -6*s - 19. Let j(k) = 11*k + 37. Let d(r) = -3*j(r) - 5*o(r). Let w be d(-6). List the prime factors of y(w).
2, 3, 5
Let i(y) = y**3 - 20*y**2 + 18*y + 25. Let w be 15 - -1 - (84/(-4))/7. Let a be i(w). Suppose a*p + p = 441. What are the prime factors of p?
3, 7
Let b = 14 + -10. Let i be (-1 - (16 - b)) + -2. Let o = 41 + i. List the prime factors of o.
2, 13
List the prime factors of (-19)/(247/(-26))*861.
2, 3, 7, 41
Suppose 53*z - 1 = 54*z. Let m be z/9*380 - 2/(-9). Let g = -24 - m. What are the prime factors of g?
2, 3
Suppose c + 4*c = -100. Let p(f) = f**3 + 20*f**2 - 4*f - 22. Let n be p(c). Suppose 3*s = -4 + n. What are the prime factors of s?
2, 3
Suppose -51*v - 162*v = -2102310. What are the prime factors of v?
2, 3, 5, 7, 47
Let o(g) = -g**3 + 56*g**2 + 4*g + 613. What are the prime factors of o(22)?
3, 7, 19, 43
Let o = 334 + -317. Let w = o - -17. What are the prime factors of w?
2, 17
Let c be (-2)/(-4 + 6) - -8 - 5. Suppose -c*n = 5*n - 98. What are the prime factors of n?
2, 7
Let v = 1 + 2. Suppose -v*i = 3*k - 165, k = 5*i + 39 + 16. Suppose k - 15 = 4*t. List the prime factors of t.
2, 5
List the prime factors of (51 + 4355)/(2/8).
2, 2203
Let u = -68 + 1691. Let f = -799 + u. List the prime factors of f.
2, 103
Suppose x + 20651 = 29814. List the prime factors of x.
7, 11, 17
Suppose -27*j - 56 = j. List the prime factors of j/(13070/(-3265) - -2*2).
653
Let u(c) = -1432*c + 1982. What are the prime factors of u(-9)?
2, 5, 1487
Suppose z + 5 = 2*l, 2*l + 0*z + 5*z - 23 = 0. What are the prime factors of (l + 1975/(-20))*-4?
379
Suppose 15*m - 7*m = 112. Let s(n) = -n**3 + 14*n**2 + 9*n + 3. Let k be s(m). Suppose 0 = -5*t + 66 + k. List the prime factors of t.
3, 13
Suppose -79*z + 59*z = -22340. List the prime factors of z.
1117
Let l = -105 - -109. Suppose -l*x = -2*f + 6*f - 940, 2*f + 3*x - 472 = 0. What are the prime factors of f?
233
Let h be (-7 - 186/(-30))/(1/(-5)). Suppose 0 = -2*p - h*j + 1464, 11*p - 9*p = -5*j + 1465. List the prime factors of p.
2, 5, 73
Let j(z) = 7889*z**2 - 235*z + 234. What are the prime factors of j(1)?
2, 17, 29
Let y = -260 - -96. Let f = y - -287. List the prime factors of f.
3, 41
Suppose -51*d + 33243 + 197889 = 0. What are the prime factors of d?
2, 11, 103
Let f(o) = -o**3 - 10*o**2 + 6*o + 2. Let t be 1/(-4) - (155/20 - -1). Let n be f(t). Let c = n + 187. What are the prime factors of c?
2, 3
Let q = 6921 + 1009. What are the prime factors of q?
2, 5, 13, 61
Suppose -2 = 4*o - 42. Suppose -o*t + 3 = -17. Suppose 377 = 2*b + f, -5*b + t*f + 905 = -3*f. What are the prime factors of b?
2, 3, 31
Let s be (4/((-8)/(-1354)))/1. Let o(v) = -3*v**2 + 2*v + 137. Let x be o(-14). Let u = x + s. List the prime factors of u.
2, 3, 11
Let g = 173 - 171. Let m(u) = 16*u**2 + 5*u + 5. List the prime factors of m(g).
79
Suppose 2*s - 6*s + 5*m = -34, -5*m - 28 = -3*s. Let q(o) = 701*o + 9*o**2 - 16 + 0*o**2 - 702*o + o**3 - 12*o**2. List the prime factors of q(s).
2, 43
What are the prime factors of (-1064)/(-4)*(-646)/(-76)?
7, 17, 19
Let p = 805 - 606. Suppose 2*s - 2497 = -p. What are the prime factors of s?
3, 383
Let n = 1353 + 13942. List the prime factors of n.
5, 7, 19, 23
Let m be (-175)/(-25) + (1 - -2). Suppose m*j - 10512 + 432 = 0. What are the prime factors of j?
2, 3, 7
Suppose -m + 908 = 3*w, 0 = -3*w - 0*m + 2*m + 911. Let k = w + -175. Suppose 220 = 4*x - k. List the prime factors of x.
3, 29
Let k(l) = -4*l + 2*l + 16 - 4*l + 3. Let o be k(4). List the prime factors of (4 + o)/((-1)/11).
11
Suppose -14010894 = -488*m - 274*m. What are the prime factors of m?
3